ime factors of f.
2, 3
Let n = 4214 - 3062. What are the prime factors of n?
2, 3
Suppose -2*f + 11058 = 4*k, -10*k + 2*f - 8293 = -13*k. Suppose -m = 3*n - 1649, -4*m + 9*m = -5*n + k. What are the prime factors of n?
2, 137
Let k(d) = -12136*d + 1524 + 6087*d + 6119*d. List the prime factors of k(0).
2, 3, 127
Suppose -5*y + n = 144, 46 + 58 = -3*y + 5*n. Let r = -14 - 51. Let b = y - r. List the prime factors of b.
37
Suppose 641*b + 29442 = 655*b. What are the prime factors of b?
3, 701
Let o be -111*(-4)/48*-4. Let n = o + 29. List the prime factors of (-742)/n + 5/20.
3, 31
Let o = 21684 + -17497. List the prime factors of o.
53, 79
Let s(n) be the third derivative of -n**6/120 - 3*n**5/20 + 5*n**4/8 + 4*n**3 - 20*n**2 - 2. Suppose -4*v - 25 - 19 = 0. What are the prime factors of s(v)?
101
Let y(u) = -2*u**3 + u**2 + 7*u + 5. Suppose 10*o = 9*o + 3. Let p be y(o). Let h = p - -31. What are the prime factors of h?
2, 3
Let x = 20469 + -10123. What are the prime factors of x?
2, 7, 739
Let a(h) = 261*h**3 - 22*h**2 + 15*h + 6. List the prime factors of a(3).
2, 3, 5, 23
Suppose 9520 = -7*y + 24*y. Let q = 315 + y. List the prime factors of q.
5, 7
Suppose -6967*v + 6997*v = 1441530. What are the prime factors of v?
3, 19, 281
Let y(w) = -4*w**3 + 5*w**2 + 5*w. Let i be y(-1). Suppose a + 285 = 5*x, -35 - 193 = -i*x + a. What are the prime factors of x?
3, 19
What are the prime factors of ((-896)/126)/32 + (-265072)/(-18)?
2, 37, 199
Suppose r + 228 = -3*r. Let p be r/6*2*2. Let u = p - -71. What are the prime factors of u?
3, 11
What are the prime factors of (-450)/(-3375) - ((-2)/(-3))/(5/(-126314))?
2, 3, 7, 401
Suppose 54 = 150*i - 153*i. Let d(l) = 3*l - 52. Let o(h) = -h + 26. Let f(m) = -4*d(m) - 9*o(m). What are the prime factors of f(i)?
2, 7
Let u(l) = -58*l + 133. Let j be u(-26). Suppose -10*v + 6139 = -j. What are the prime factors of v?
2, 389
Suppose 74348 = 4*g - 2*i, -12645 = -g + 4*i + 5956. What are the prime factors of g?
3, 5, 7, 59
Let m = 16 - -21. Let a(o) = o**3 - 38*o**2 + 44*o + 59. What are the prime factors of a(m)?
2, 3, 53
Let o(q) = -258*q - 414. List the prime factors of o(-8).
2, 3, 5, 11
List the prime factors of (79157/(-26) + 2)*-4.
2, 5, 1217
Suppose 0 = 5*x - 36*x - 24*x + 1671450. List the prime factors of x.
2, 3, 5, 1013
Suppose 0 = -13*t + 204741 + 250380 - 80435. What are the prime factors of t?
2, 14411
Let l(t) be the first derivative of 64*t**3/3 - 13*t**2/2 + 9*t + 116. What are the prime factors of l(4)?
3, 109
Let o = 28218 - -11229. List the prime factors of o.
3, 487
Suppose -8*b - 778 = 390. Let z = b - -116. What are the prime factors of 193 + ((-2)/(-15) - 56/z)?
3, 5, 13
Let m = 131182 + -92242. List the prime factors of m.
2, 3, 5, 11, 59
Suppose -25*f = -63 - 12. List the prime factors of f/30 - ((-1196)/40 + -4).
2, 17
Let n(g) = 3*g**2 - 91*g - 579. List the prime factors of n(158).
5, 11987
Suppose -3435 = 5*t - 9860. Let x = t - 618. List the prime factors of x.
23, 29
Suppose 2*f + 5 = -5. Let n be 0/(((-50)/f)/(-5)). Suppose 2*d - 5*p = -d + 100, d - 5*p - 50 = n. List the prime factors of d.
5
Suppose 0 = -5*t - 2 + 12. Suppose 7 = z + t. Suppose -2*m + 24 = -m + 5*n, 60 = 5*m + z*n. List the prime factors of m.
3
Let n = -915 - -908. Let l(p) be the second derivative of p**5/20 + 2*p**4/3 - 7*p**3/6 + 2*p**2 - p. What are the prime factors of l(n)?
2, 3, 17
Let t(w) = -3*w - 28. Let n be t(-16). Suppose j + n*k - 398 = 19*k, 0 = -5*j - 4*k + 1988. What are the prime factors of j?
2, 3, 11
Suppose 7*m = 6*m - 3*y + 23, 0 = y - 1. Suppose -17*p = m*p - 37925. List the prime factors of p.
5, 41
Suppose -5*t = 2*r + 24519, 29792 = -4*r - 5*t - 19261. What are the prime factors of (-8)/6 + 2 + r/(-27)?
5, 7, 13
Let j(x) = 7*x**2 - 56*x + 26. Let r be j(8). Let k(f) = 14*f + 156. What are the prime factors of k(r)?
2, 5, 13
Let i(t) = t**3 - 7*t**2 + 7*t - 4. Let s be i(6). Suppose -q = -s*h - 254, -4*h = -q + 197 + 309. Let c = h - -202. List the prime factors of c.
2, 19
Let z(f) = 909*f + 5997. What are the prime factors of z(56)?
3, 13, 1459
Let c(n) = 1377*n**3 - 1378*n**3 + 10*n**2 - n**2 - 3. Let q be (-1)/(-2)*(9 - -1). List the prime factors of c(q).
97
Suppose -8 - 2 = 2*o. Let x(m) = m**3 + 3*m**2 + 2. Let g(w) = -6*w**3 - 14*w**2 + 2*w - 13. Let r(t) = g(t) + 5*x(t). What are the prime factors of r(o)?
137
Let d = -87 - -107. What are the prime factors of (-8124)/(-16) + ((-95)/d - -5)?
2, 127
Suppose -3*r - l - 32 = 0, 3*r = -l + 2*l - 28. Let x = 16 - 608. What are the prime factors of 98/35 + -3 + x/r?
59
Let m(x) = -414*x - 925. What are the prime factors of m(-39)?
31, 491
Suppose 41*f - 11778 = -3*j + 40*f, f + 11784 = 3*j. What are the prime factors of j?
3, 7, 11, 17
Let l = -2678 + 17888. What are the prime factors of l?
2, 3, 5, 13
Let o be 76/6 - 2 - (-4)/(-6). List the prime factors of -52*((-24)/(-6) - o).
2, 3, 13
Let s = -4 + 278. What are the prime factors of 16 + s + (2 - 3*2)?
2, 11, 13
Let z(l) = 7*l**2 - 4*l - 1. Suppose 0 = 14*q + 13 - 111. List the prime factors of z(q).
2, 157
Let o(p) = -5*p**3 - 3*p**2 + 6*p - 2. Let j(q) = q**3 + q**2. Let u(f) = 4*j(f) + o(f). Suppose -3 = m + 2. What are the prime factors of u(m)?
2, 59
Let s(c) = -23025*c**3 - 15*c**2 - 16*c + 1. What are the prime factors of s(-1)?
23027
Let l be -5 - 0/7 - (1 - -5904). What are the prime factors of (-59)/826 - l/28?
211
Suppose 8490*l - 8501*l = -17875. List the prime factors of l.
5, 13
Suppose 0 = -11*j + 4*j + 9597. Let b = j - 857. What are the prime factors of b?
2, 257
Suppose 45*s - 86*s + 50*s = 219744. List the prime factors of s.
2, 7, 109
Let j = 5659 - 2952. What are the prime factors of j?
2707
Let f(z) = 8319*z - 4880. List the prime factors of f(5).
5, 7, 1049
Suppose j = -2441*y + 2437*y + 107608, -53784 = -2*y - 3*j. What are the prime factors of y?
2, 3, 19, 59
Suppose 4*s - 37 = 5*o, -48 = -3*s - 0*s - 3*o. Suppose -s*y - 384 = -5*y. Let i = 50 + y. List the prime factors of i.
2
Suppose -t + 2*h = 488, -t - 3*t = 2*h + 1952. Let c be (-3)/(-8) - t/64. Let m = c - -60. List the prime factors of m.
2, 17
Let x be (((-2)/4)/(-1))/(6/36). Suppose 6*l = x*c + 11*l - 1196, -788 = -2*c - l. What are the prime factors of c?
2, 7
Let m be (86 - 2)/(210/(-40) - -6). Let c(n) = -n**3 - 9*n**2 - 8*n - 3. Let q be c(-5). Let u = q + m. What are the prime factors of u?
7
Let l be 1673 + 2/((-6)/3). Suppose -2*s = 4*p - 1688, 2*s = 6*p - 2*p - l. Suppose 5*o = 5*y + p + 95, 5*y - 227 = -2*o. List the prime factors of o.
2, 53
Suppose -2*u = -4*h - 5 + 17, h - 3 = u. Suppose 5*c + 3*w - 15 = -w, u = 5*w. Suppose -5*p = s - 7 - c, 2*s - 2*p - 44 = 0. List the prime factors of s.
2, 5
Suppose 0 = s + 347*y - 351*y - 23468, -2*y = -12. What are the prime factors of s?
2, 7, 839
Let b be (-2 + -14)*(2 + 15/(-6)). Let y be (5/(-2))/((-4)/b). Suppose -15 = -2*a - q, -4*a - 4*q = y - 45. List the prime factors of a.
5
Let x = 7151 - 3730. List the prime factors of x.
11, 311
Let l(q) = 5*q**2 + 13*q - 4*q - 16 - 3*q - 2*q**2 - 6*q**3 - 8*q. What are the prime factors of l(-6)?
2, 5, 7
Let b = 18 + -12. Let a be (-1)/1 - (-7 + 11/(-1)). Let r = b + a. What are the prime factors of r?
23
Let u(n) = -11*n + 7511. List the prime factors of u(132).
73, 83
Suppose 3*h + 11*w - 9*w = 99137, 5*w = 2*h - 66085. List the prime factors of h.
3, 5, 2203
Let u(p) = 1363*p + 5738. List the prime factors of u(15).
26183
Let c(u) = 12*u**2 + 4. Let r be c(3). Let y = -7769 + 7927. Let b = y - r. What are the prime factors of b?
2, 23
Suppose -a + 6*a + 670 = 0. Let d = -363 + 613. Let g = a + d. List the prime factors of g.
2, 29
Let q = -34748 + 59296. What are the prime factors of q?
2, 17, 19
Suppose -4*k - 20 = 0, -5*k = 4*x + 98 - 261. Suppose -97*o + 98*o + y = x, 0 = y - 2. List the prime factors of o.
3, 5
Let d = -2416 + 29473. What are the prime factors of d?
3, 29, 311
Let y(z) = -z**3 - 2*z**2 + z. Let r be y(-4). Let x = 241 - r. What are the prime factors of x?
3, 71
Suppose -15*n - 2633922 = -53*n - 85*n. List the prime factors of n.
2, 3, 43, 83
Suppose 30*a - 470*a + 9608720 = 0. What are the prime factors of a?
2, 61, 179
Let k(w) = -14*w + 17. Let m be k(3). Let o = 